 + 65. Suppose 2*u - 3*t - 2*t = -5, -3*u - t + a = 0. What is the tens digit of 63/u + (-4)/(-10)?
1
Suppose -2*l + 2710 = -2*h - 592, -3*l = 4*h - 4932. What is the tens digit of l?
4
Let s be 0 - ((-104)/2 + 0). Suppose s = 5*c + 17. Suppose -3*i - 3*b + 58 = c, 0 = 5*i - 2*b - 92. What is the units digit of i?
8
Let y(f) = f**3 + 4*f**2 + f. Let b be y(-3). Suppose -6 = -2*q, 2*q - b*q = 4*l - 232. What is the tens digit of l?
5
Let b = -137 + 67. What is the hundreds digit of (-5220)/(-21) - 30/b?
2
Let i = -45 - -20. Let t = 112 + i. What is the units digit of t?
7
Suppose -26*f = -22*f. Suppose f = -5*l - 3*l + 744. What is the tens digit of l?
9
Let r(i) = 9*i - 2. Let w be r(5). Let s = 228 - 246. Let c = s + w. What is the tens digit of c?
2
Let u = -65 - -120. Suppose -8*b - u = -9*b. What is the tens digit of b?
5
Let s = -113 + 138. Suppose s*o + 720 = 28*o. What is the hundreds digit of o?
2
Let d be ((-5)/2)/(4/(-8)). Suppose d*w - 67 = 4*w. What is the units digit of w?
7
Suppose 3*a - 1741 = -5*l, a - l - 2939 = -4*a. What is the tens digit of a?
8
Let g(s) = 1 + s - s**3 + 3*s - 3*s**2 + 2*s**2. Suppose -33 = 9*j - 6. What is the units digit of g(j)?
7
Suppose 3*b + 5 = 4*b. Suppose 3*g + b = 17. Suppose 0 = -0*d + g*d - 100. What is the tens digit of d?
2
Let n(d) be the first derivative of d**3/3 + 11*d**2 + 36*d + 18. What is the units digit of n(-22)?
6
Let q(r) = r + 14. Let t be q(-9). Let u(k) = 4*k**2 + k - 16. What is the tens digit of u(t)?
8
Let h = -67 + 37. Let s(w) = -13*w + 46. Let q be s(5). Let b = q - h. What is the units digit of b?
1
Let v = 11 + 43. Let r = v - 53. What is the units digit of r?
1
Let v(p) = p**2 - 3*p - 23. Let s(m) = m**3 - 2*m**2 + m - 1. Let y be s(3). What is the tens digit of v(y)?
6
Let l = -6 - -8. Suppose 0 = -2*n + l, -8*n - 12 = -4*y - 4*n. Suppose -y*r - 2*h = h - 141, 0 = r + 5*h - 48. What is the tens digit of r?
3
Let x(q) = -16*q + 258. What is the hundreds digit of x(9)?
1
Suppose 1 - 32 = -r. Suppose -5*f + r = 11. What is the units digit of (-42)/(0 + f - 6)?
1
Let x be 1229/4 - (-9)/12. Suppose -2*i - 2*z = -x, -144 = -i + 5*z - z. Suppose -2*j = p + 3*p - i, -5*p + 2*j = -172. What is the tens digit of p?
3
Let h = 5891 + -3306. What is the tens digit of h?
8
Let h = -2 - -12. Suppose h*w - 476 - 724 = 0. What is the units digit of w?
0
Let a be ((-1266)/(-30) + -5)*20/6. Suppose -3*s + 16 = s, -2*s = -3*i + a. What is the tens digit of i?
4
Let s be 780/42 + (-4)/7. Suppose w - 30 = -2*u - 0*u, -u + w = -s. Let f = -6 + u. What is the units digit of f?
0
Suppose 2040 = -2*v + 7*v + k, 0 = 4*k - 20. What is the hundreds digit of v?
4
Suppose -h = -93 + 5. Suppose -3*k + 216 = 5*a - a, 4*a = k - h. What is the units digit of k?
6
Suppose -4*s + 16 = -2*l, -4*s = 2*l - l - 22. Let i(c) = -c**3 - 37 + 69 - 33 - 6*c - 5*c**l. What is the units digit of i(-4)?
7
Suppose 3*d + 33 = 6*d. Let x = d + 28. What is the units digit of x?
9
Let r = -38 - -35. Let u(w) = -w - 4. Let h be u(r). Let c(b) = -62*b - 1. What is the tens digit of c(h)?
6
Suppose -12*d + 4*d = -3920. What is the hundreds digit of d?
4
Let y(j) = -4089*j**2 + 3*j**3 + 4089*j**2 + 2*j. Let m be ((-4)/(-5))/((-4)/(-10)). What is the units digit of y(m)?
8
Suppose -10*g = -13*g + 195. What is the tens digit of g?
6
Let c = -133 + 493. Let s be c/20 - (-1 + 5). Suppose 17*d - 165 = s*d. What is the units digit of d?
5
Let p = -14 + 13. Let x = p + 4. What is the tens digit of (21 - -1) + x - -1?
2
What is the hundreds digit of 121 + 0 - ((-4)/4 - 0)?
1
Suppose c = 2*f - 9, -4*f + 5*c + 23 = 2*c. Suppose f*b - 25 = -y, 11 = 4*y - b - 44. What is the units digit of y?
5
Let w = 2158 + -1208. What is the tens digit of w?
5
Suppose 0 = -0*p + 3*p. Suppose c + 6*c - 602 = p. What is the units digit of c?
6
Let j(d) = 243*d - 13. Let a(m) = -m + 1. Let q(n) = 6*a(n) + j(n). What is the units digit of q(1)?
0
Let n = 27 + 130. What is the units digit of n?
7
Suppose 9*h = 13*h + 36. Let x be 9/(h/(-20)) - 1. Let y = x - 16. What is the units digit of y?
3
Let t(u) = u**2 - 4*u + 3. Let x be t(4). Let y(c) = 6*c**2 + 2*c - 8. What is the tens digit of y(x)?
5
Let n(d) = d**2 + d + 1. Let w(t) = t**2 + 2*t - 9. Let b(m) = 3*n(m) - w(m). What is the hundreds digit of b(-10)?
2
Let z = 54 + -58. What is the units digit of ((-80)/z)/((-4)/(-26))?
0
Let f = -3 - -5. What is the tens digit of 70*(f + 6/(-4))?
3
Let f = 950 - -89. What is the thousands digit of f?
1
Suppose -5*b + 1382 = 202. What is the units digit of b?
6
Let u(r) = r**2 + 3*r + 1. Let s be u(-4). Suppose 5 = s*k + 15. Let o(w) = -w**3 + 4*w**2 + 2*w - 1. What is the units digit of o(k)?
9
What is the hundreds digit of 3/2 + (-7644)/(-24)?
3
Let c(l) = -l - 2. Let t be c(-3). Let x(b) = 3*b**3 - b**2 + b - 1. Let g be x(t). Suppose 0 = 4*k + 8, -4*k + 22 = g*o - 70. What is the tens digit of o?
5
What is the units digit of (1 - (3 + 9))/((-3)/57)?
9
What is the units digit of (-15 - -13) + (7*46 - -1)?
1
Suppose 2*d = 3*d + 2*p, 2*d = -5*p - 2. Suppose -2*h - s = -175, 9*h - 5*s = d*h + 475. What is the units digit of h?
0
Suppose 19*b = 10148 + 5831. What is the hundreds digit of b?
8
Suppose -3*i + 5421 - 1608 = 0. What is the tens digit of i?
7
Let b = 18 - 2. Let d(s) = -s**3 + 17*s**2 - 14*s - 9. What is the tens digit of d(b)?
2
Let t(g) = -17*g + 27. Let s be t(-8). Suppose 49 = 4*y - s. What is the units digit of y?
3
Suppose -4*s + s = -3*r - 48, 2*s + 52 = -2*r. Let j(d) = d**3 + 7*d**2 + 2*d + 6. Let p be j(-5). Let x = p + r. What is the tens digit of x?
2
Let o = -53 - -118. Let l(f) = 3*f**2 + 3*f + 5. Let s be l(-4). Let r = o - s. What is the tens digit of r?
2
Let y(g) be the second derivative of g**4/12 - g**3/6 - g**2/2 + 9*g. Let z be y(3). What is the units digit of (0/z - -4) + 31?
5
Let p(k) = -k**2 - 14*k + 5. Let v be p(-14). Suppose v*j - 174 = 16. What is the units digit of j?
8
Let q = 20 - 17. Let n = -111 - -211. Suppose 0 = -5*y + q*d + d + n, -5*y + 90 = -2*d. What is the tens digit of y?
1
Let t be ((-4)/10)/((-1)/10). Suppose 2*f = -h + 70, -f = t*h - h - 220. Suppose -h + 6 = -2*n. What is the units digit of n?
4
Suppose -40 = -5*q - 2*g, 0 = q + 2*g - 8 - 0. Suppose 0 = 4*k - q*k + 36. Let m = k + -7. What is the units digit of m?
2
Let j = 1219 + -762. What is the units digit of j?
7
Suppose 0 = 3*d - 608 + 173. Suppose -4*j - j - 3*t = 229, 2*t = 3*j + d. Let y = j + 81. What is the units digit of y?
4
What is the hundreds digit of (-52 - 980)/((-6)/4)?
6
Let m = 76 - 67. Let q(f) = -4 + 0 - 2 - 7*f + f**2. What is the tens digit of q(m)?
1
Let j(i) = i**3 + 6*i**2 - 4. Let q(p) = p**2 + 11*p + 12. Let d be q(-10). Suppose -20 = 4*c - d*u, 2*c + 2*c = -5*u + 8. What is the units digit of j(c)?
3
Let a(y) = -6*y**3 + 7*y**2 - y + 1. Let b(k) = -5*k**3 + 8*k**2 - 2*k + 1. Let u(p) = 4*a(p) - 5*b(p). What is the units digit of u(12)?
1
Let z(j) = 297*j - 62. What is the thousands digit of z(13)?
3
Let q(i) = 3*i - 11. Suppose 2*a - 138 = -4*a. Let l = a + -15. What is the tens digit of q(l)?
1
Let k be 8/44 + (-114)/22. What is the tens digit of (-1268)/(-20) - 3/k?
6
Let l = -5 - -5. Suppose l*o + 2*u + 68 = 4*o, -2*u = 0. What is the units digit of o?
7
Let a be 28/(-49) - (-32)/7. Suppose -c + a*c = 195. What is the tens digit of c?
6
Let f(o) = o**3 + 5*o**2 - o. Let l(n) = 0 - n - 2*n - 1 + 2*n. Let v be l(4). What is the units digit of f(v)?
5
Suppose 4*b - 4*i - 12 = 0, 0*b + i = -2*b + 15. Let v be (-304)/8*(5/(-2) - -2). Suppose 0 = f - v + b. What is the tens digit of f?
1
Suppose -2*x = 13*u - 8*u - 12040, 3*x = 0. What is the thousands digit of u?
2
Suppose -116 = -4*n + 300. Let k = n - 32. What is the tens digit of k?
7
Let k be 4/6 + (-28)/(-12). Suppose k*j = 0, -3*p + 5*j = -5*p + 112. What is the units digit of p?
6
Let a = 1 - 258. Let u = a + 440. What is the tens digit of u?
8
Let t(x) = 11*x**2 - 9*x - 74. What is the units digit of t(10)?
6
Let i(n) = -n**3 + 10*n**2 - 9*n + 6. Let k be i(9). Suppose 2*u - k = -2. Suppose -u*d + 106 = -14. What is the units digit of d?
0
Let o(v) = -v**3 - 11*v**2 - 5*v. Let f be o(-11). Suppose 0*a = a - 2*s - 13, 5*a = 5*s + f. What is the units digit of a?
9
